y j?
5
Suppose 3*y - l - 9 = 0, -3*y + 68 = 5*l + 59. Suppose 0 = -6*a + 49 + 47. Calculate the remainder when a is divided by y.
1
Suppose 0 = -5*p - o + 3*o + 11, 3*p = -4*o + 17. Suppose -b = -c + p*b + 3, 0 = 2*c - 4*b - 6. What is the remainder when 5 is divided by c?
2
Calculate the remainder when ((-154)/56*12)/(1 + -2) is divided by 7.
5
Suppose 0 = -5*x + 29 - 14. Calculate the remainder when 98 + 5 - (x + -2) is divided by 21.
18
Let y = -465 + 471. Let z(h) = 2*h - 1. Calculate the remainder when z(6) is divided by y.
5
Let t(y) = -y**3 + 16*y**2 - 12*y - 23. Let i(p) = 64*p**2 + 1. Calculate the remainder when i(1) is divided by t(15).
21
Suppose -2*k = -5*k + 84. Calculate the remainder when k is divided by -105*(-8)/100 - 4/10.
4
Let i be (1 - 1)*(-9 - -8). Suppose -3*w = -0*a + 3*a + 3, -3*w = -2*a + 18. Suppose i = -a*q + 2 + 16. Calculate the remainder when q is divided by 5.
1
Suppose -39*w = -31*w - 344. Calculate the remainder when 150 is divided by w.
21
Suppose -439*j + 450*j = 220. Let f(l) = -l + 2. What is the remainder when j is divided by f(-4)?
2
Let t = -92 + 115. What is the remainder when 134/(1 - (-2 - -1)) is divided by t?
21
Let m(b) = b**3 + 11*b**2 + 9*b + 26. What is the remainder when m(-7) is divided by 47?
18
Suppose -20*z - 1029 = -27*z. What is the remainder when z is divided by 25?
22
Suppose 0 = 4*j - 2*p + 98, j + 0*j - p = -25. Let i = j - -27. Suppose -8*u + i*u - 25 = 0, 90 = 5*s + 5*u. What is the remainder when 90 is divided by s?
21
Suppose -5*p = -f - 3*f + 187, 4*p = -5*f + 244. What is the remainder when f is divided by (-32)/(-3) + 0 + (-4)/6?
8
Suppose 0 = 2*b + g - 2, 0 = g - 3*g - 4. Suppose -90 = -b*n - 5*h, -2*n - 4*h - 180 = -6*n. What is the remainder when n is divided by 12?
9
Let d = -7 - 3. Let p = d - -16. Suppose p*z - 187 = z - 4*c, -125 = -4*z + 5*c. What is the remainder when z is divided by 12?
11
Suppose 3*v + 64 = 2*l, v + 9 - 5 = 0. Calculate the remainder when 102 is divided by l.
24
Let n = 61 - 41. Let x be (-20)/(-3)*24/10. Suppose -4*l = -x - n. What is the remainder when 34 is divided by l?
7
Suppose 0 = -2*l + 3*l - 2. Calculate the remainder when ((-18)/4)/(5/(-10) - 0) is divided by l.
1
Let j = 25 + 398. What is the remainder when j is divided by 7?
3
Suppose -2 = -f - 4. Suppose 5*h = 133 + 52. Calculate the remainder when h is divided by 0 + 21 - (f - -3).
17
Suppose 4*q + 25 = k, k + 2*q = -k. Suppose -k*o - 2*s + 10 = 0, -4*s = 2*o + 12 - 0. What is the remainder when 14 is divided by o?
2
Let k(q) = 3 - q**2 + q - 11*q - 11. Calculate the remainder when k(-6) is divided by 3.
1
Calculate the remainder when 61 is divided by ((-18)/15)/(5/(-225)*6).
7
Suppose -10172*t + 10173*t = 147. Let o(p) = 2*p**2 - 4*p. What is the remainder when t is divided by o(-3)?
27
Let m(l) = l + 11. Let t be m(-9). Suppose p - t + 0 = 0. What is the remainder when 8 is divided by p?
0
Let a = 30 - -1. Let q = -45 - -49. Suppose 0 = 3*i + q*d - 29, -7*i + 4*i + 34 = -d. What is the remainder when a is divided by i?
9
Suppose 0 = -4*o + 16, -5*o + 15 = -2*u + 87. Calculate the remainder when u is divided by 20.
6
Let m(j) = j**3 - 9*j**2 + 7*j + 17. Let u be m(8). Calculate the remainder when 89 is divided by (u/6)/((-2)/(-24)).
17
Let o(p) = -2*p**3 - 9*p**2 - 2*p + 13. Suppose -36 = -2*b - 0*b. Suppose 0*q - b = 3*q. Calculate the remainder when o(q) is divided by 34.
31
Let w(a) = -a + 1. Let j(o) = -o**2 - 6*o - 2. Let h be j(-6). Calculate the remainder when (h - (-8)/2) + 40 is divided by w(-10).
9
Suppose -4*y = 4*a + 16, 2*y - 2*a = -2*y + 8. Suppose y*z + 4*z - 152 = 0. Let v(j) = -347*j + 2102. What is the remainder when z is divided by v(6)?
18
Let y = 0 + 5. Let r(q) = 15*q + 3. What is the remainder when r(1) is divided by y?
3
Let g = -17 - -17. Suppose -2*p - 9 = -v, v + g*v = -2*p + 17. What is the remainder when 37 is divided by v?
11
Let h(l) = 6*l**2 - l - 1. Let w(g) = -488*g - 3894. What is the remainder when h(2) is divided by w(-8)?
1
Suppose -1571 = -87*t + 3127. What is the remainder when 754 is divided by t?
52
Let j be -1 - (-12 - (-1 - 0)). Let n = 16 + j. Calculate the remainder when n is divided by (84/16)/(36/96).
12
Suppose 0 = 10*f + 633 - 2093. Calculate the remainder when f is divided by 4.
2
Suppose 53 = 3*v - 49. Suppose 9*m + 368 - 143 = 0. Let p = m + v. What is the remainder when 43 is divided by p?
7
Suppose -3*h + k = -45, -2*k = 5*h - 3*h - 30. Let o = 780 - 774. What is the remainder when h is divided by o?
3
Let q(w) = -170*w + 9. Calculate the remainder when q(-1) is divided by 13.
10
Suppose -3 = 5*q - 418. Calculate the remainder when q is divided by ((-2)/(-1))/(14/147).
20
Let d(r) = 12*r + 63. Let n be d(-5). Suppose -n*t + 93 = -3*i, -2*t + 3*i = -7*t + 171. Calculate the remainder when 129 is divided by t.
30
Suppose 6 = 2*v, 78 = 11*l - 7*l + 2*v. What is the remainder when 197 is divided by l?
17
Suppose -3*u = -2*u. Suppose t = 3*g - 107, 4*g = 4*t - u*t + 388. Let s = 13 - t. What is the remainder when s is divided by 27?
24
Let m = -239 + 252. What is the remainder when 148 is divided by m?
5
Let l = 322 + -271. Calculate the remainder when l is divided by 26.
25
Suppose -3*i = -7*i + 1620. Suppose 5*g + 3*s - i = -2*s, 0 = -3*g + 3*s + 237. Calculate the remainder when g is divided by 27.
26
Let v(n) = n**3 + 12*n**2 + 11*n + 38. What is the remainder when v(-6) is divided by 19?
17
Let i(n) be the second derivative of -3*n**5/10 + n**4/12 + 2*n**3/3 + 3*n**2/2 + n. What is the remainder when 44 is divided by i(-1)?
2
Calculate the remainder when 19720/60 - (-1)/3 is divided by 11.
10
Suppose 0 = 1272*m - 1274*m + 234. Suppose -84 = -5*a + 36. Calculate the remainder when m is divided by a.
21
Suppose -4*w - 32 = a + 8, -3*w + 5*a = 30. What is the remainder when 46 is divided by 2/5 - (-2 + 216/w)?
22
Suppose -3*f + 4*f - 99 = 0. Calculate the remainder when f is divided by 34.
31
Let k = -521 - -591. Calculate the remainder when 75 is divided by k.
5
Let j = -10 + 19. Suppose -5*h + 59 = -56. What is the remainder when (-1359)/(-15) - j/15 is divided by h?
21
Let f(l) = l**3 + l**2 + 4. Let p be f(3). Suppose -11*g = -16*g + p. What is the remainder when g is divided by 1?
0
Suppose -61*m + 89*m = 532. Let d = -22 - -33. What is the remainder when m is divided by d?
8
Suppose -7*y + 3*y - 8 = 0, 0 = -x + 2*y - 29. Let t = -19 - x. Calculate the remainder when t is divided by 9.
5
What is the remainder when 1053 is divided by (8 - 6)/(2/44)?
41
Let x be 328*1 + -4 + 1. Calculate the remainder when (-112)/(-14) + (-6)/(-2) is divided by x/45 + (-2)/9.
4
Let g be (-47 - 8)*-1*1. Let n = g - 23. Calculate the remainder when 63 is divided by n.
31
Let p = -57 + 87. Let y(x) = -7*x**3 + 2*x**2 + 5*x + 2. Calculate the remainder when y(-2) is divided by (p/4)/(3/6).
11
Let t = -13372 + 13384. Calculate the remainder when (-2)/(-7) + 794/14 is divided by t.
9
Let o be 3 + -1 + -4 - 1 - 4. Let y(j) = -j**3 - 6*j**2 + 5*j + 5. Calculate the remainder when 54 is divided by y(o).
16
Suppose -4*v = 306 - 66. Let k be (2/5)/(4/v). Calculate the remainder when 25 is divided by (14/k)/(7/(-21)).
4
Let b(q) = 2*q**2 - 23*q - 8. Let x be b(12). What is the remainder when 33 is divided by 3/(-2) - -74*x/16?
16
Suppose 0 = -2*r + 5*z + 2, -3*r + 3*z + 14 = 2. Calculate the remainder when r/4 + (-45)/(-2) is divided by 13.
11
Let k = 1485 - 1422. What is the remainder when 1762 is divided by k?
61
Suppose -8*t = -14*t + 6. What is the remainder when t is divided by 1?
0
Suppose -17*q = -2583 + 645. What is the remainder when q is divided by 39?
36
Let j be ((-105)/(-5))/(0 - -1). Suppose 2*x = j + 11. Let r(m) = -2*m**3 - 11*m**2 - m + 3. What is the remainder when r(-6) is divided by x?
13
Let p be (-6)/4*(-12)/9. Suppose -11 = -v - p. Calculate the remainder when ((-102)/9*3)/(1*-2) is divided by v.
8
Suppose -10*u = -9*u + 123. What is the remainder when u/(-11) - (-4)/(-22) is divided by 3?
2
Suppose -2*b = 2*v + 3*b - 224, 594 = 5*v + 4*b. Suppose -122 = -4*s + v. What is the remainder when s is divided by (-134)/(-8) + 6/(-8)?
13
Let u(p) = 4*p**2 - 2*p - 42. Calculate the remainder when u(-10) is divided by 38.
36
Let o(b) = -82